se 10) in base 13?
1bb
What is 31423 (base 7) in base 15?
2474
What is -311120 (base 4) in base 2?
-110101011000
-1250a (base 15) to base 13
-2082a
What is e5 (base 16) in base 5?
1404
Convert 5037 (base 9) to base 16.
e5f
What is 252 (base 10) in base 14?
140
-1394 (base 11) to base 12
-1059
Convert 4728 (base 9) to base 16.
db5
10300 (base 5) to base 2
1010111100
What is 1112311 (base 5) in base 9?
30025
Convert 9a (base 15) to base 3.
12101
What is 2400220 (base 5) in base 11?
2aa08
-c4ad (base 14) to base 6
-420441
What is -4c31 (base 14) in base 6?
-141523
Convert 1730 (base 13) to base 7.
12653
What is -483 (base 11) in base 13?
-353
What is 2221122 (base 4) in base 7?
43416
What is c65 (base 13) in base 2?
100000111111
Convert 213 (base 5) to base 16.
3a
Convert 1f (base 16) to base 15.
21
Convert -32611 (base 8) to base 6.
-143241
Convert -130104 (base 7) to base 12.
-11b13
What is -dd00 (base 15) in base 2?
-1011011011010000
Convert -96b (base 12) to base 3.
-1220002
What is -213223 (base 4) in base 8?
-4753
What is 3663 (base 10) in base 6?
24543
What is -43042 (base 8) in base 2?
-100011000100010
Convert -1640 (base 14) to base 9.
-5407
-1307 (base 13) to base 10
-2711
What is -101a (base 15) in base 14?
-134c
3791 (base 12) to base 8
14235
Convert -9a (base 14) to base 16.
-88
What is -20114 (base 5) in base 14?
-67a
-102326 (base 7) to base 8
-42374
Convert 2365 (base 10) to base 13.
10cc
Convert 622 (base 14) to base 3.
1122200
What is 3032 (base 7) in base 11?
877
What is 1d3 (base 14) in base 5?
3011
Convert -112522 (base 6) to base 11.
-7317
What is -e201 (base 15) in base 16?
-ba55
Convert -10110101011 (base 2) to base 13.
-878
-11832 (base 11) to base 8
-41117
Convert -5d47 (base 14) to base 12.
-954b
-102200 (base 3) to base 4
-10323
Convert 2100221 (base 3) to base 10.
1726
-db4 (base 15) to base 7
-12010
2522 (base 13) to base 11
3a59
Convert 13031 (base 4) to base 3.
122002
Convert -2010021 (base 3) to base 10.
-1546
What is 1313 (base 7) in base 9?
615
Convert 11100 (base 2) to base 12.
24
What is -455 (base 6) in base 16?
-b3
b9 (base 15) to base 11
149
Convert -120 (base 12) to base 14.
-c0
Convert 30455 (base 6) to base 10.
4067
-3323 (base 7) to base 6
-5305
Convert 16804 (base 13) to base 12.
20b37
What is -11000000100001 (base 2) in base 7?
-50631
Convert 34873 (base 11) to base 3.
2112222210
-1001011100 (base 2) to base 14
-312
Convert 3560 (base 11) to base 3.
20101202
40 (base 7) to base 15
1d
Convert 102032203 (base 4) to base 13.
27ca0
1221131 (base 5) to base 3
1011221122
Convert 1ab (base 12) to base 6.
1135
Convert 7200 (base 11) to base 15.
2c74
-21446 (base 7) to base 5
-133000
-547 (base 8) to base 6
-1355
3356 (base 8) to base 4
123232
-823 (base 13) to base 8
-2545
660 (base 9) to base 7
1401
Convert -407 (base 9) to base 11.
-281
Convert 4141 (base 6) to base 15.
41a
Convert 1aa3 (base 11) to base 8.
5136
Convert 9267 (base 11) to base 6.
132530
Convert 1399 (base 11) to base 12.
1062
What is -34a5 (base 12) in base 4?
-1123331
What is -3 (base 13) in base 5?
-3
-11100010111101 (base 2) to base 4
-3202331
-3a18 (base 12) to base 9
-10102
98a (base 14) to base 2
11101011110
What is -101112210 (base 3) in base 14?
-2b33
Convert 326 (base 14) to base 7.
1546
What is 4785 (base 9) in base 7?
13244
Convert -4088 (base 16) to base 4.
-10002020
What is -542 (base 11) in base 4?
-22023
Convert 6265 (base 9) to base 8.
10763
What is -120121 (base 5) in base 11?
-3350
Convert -101122 (base 3) to base 15.
-142
What is 100111011101001 (base 2) in base 11?
141a5
Convert 188a (base 13) to base 4.
321033
Convert b99 (base 13) to base 7.
5534
Convert 225652 (base 7) to base 4.
21320032
Convert -1001101100010 (base 2) to base 13.
-2349
-40642 (base 8) to base 3
-212001022
Convert 1110000000100 (base 2) to base 14.
2884
1462 (base 7) to base 5
4313
What is 12212122 (base 3) in base 9?
5778
What is -486 (base 9) in base 7?
-1113
1a31 (base 14) to base 2
1001010001011
3855 (base 10) to base 12
2293
-12123 (base 5) to base 14
-493
21122000 (base 3) to base 9
7560
What is -26123 (base 8) in base 15?
-3567
What is 1002122002 (base 3) in base 8?
52142
610 (base 15) to base 2
10101010101
Convert -1101122 (base 3) to base 12.
-708
Convert -3013233 (base 4) to base 5.
-402113
Convert 11706 (base 14) to base 9.
64314
1010011001101 (base 2) to base 8
12315
What is -3b5 (base 12) in base 15?
-27e
Convert 272 (base 8) to base 5.
1221
-10100110001111101 (base 2) to base 3
-11022202111
Convert 1810 (base 11) to base 7.
6510
Convert 1138 (base 13) to base 12.
1491
Convert 23100 (base 6) to base 10.
3276
What is -5ab (base 15) in base 14?
-67c
Convert -1b51 (base 13) to base 6.
-31030
c8f (base 16) to base 4
302033
What is 544 (base 12) in base 11?
642
Convert 6464 (base 7) to base 6.
14352
What is -4613 (base 7) in base 4?
-122030
Convert 13381 (base 9) to base 8.
21550
Convert 31 (base 16) to base 6.
121
-423333 (base 5) to base 10
-14218
What is -11063 (base 13) in base 14?
-b34b
Convert 10100100010010 (base 2) to base 13.
4a2a
-36a (base 12) to base 15
-244
Convert 891 (base 14) to base 5.
23240
Convert -d1 (base 16) to base 6.
-545
What is -105516 (base 7) in base 10?
-18780
Convert -22242 (base 8) to base 15.
-2ba3
What is -3343 (base 5) in base 3?
-122112
-110110110 (base 2) to base 4
-12312
-88d (base 15) to base 2
-11110001101
-1066 (base 7) to base 15
-1b1
Convert 1100004 (base 5) to base 16.
4942
6763 (base 8) to base 9
4807
What is -5895 (base 15) in base 5?
-1100230
70 (base 16) to base 5
422
What is 5537 (base 15) in base 13?
82a8
-317 (base 13) to base 8
-1017
-100031 (base 4) to base 8
-2015
-147 (base 10) to base 16
-93
-c01b (base 13) to base 5
-1321023
What is -24a (base 16) in base 15?
-291
13013 (base 7) to base 16
d70
What is 23874 (base 9) in base 12?
9334
What is 501 (base 13) in base 4?
31032
-12404 (base 5) to base 3
-1100021
Convert -440154 (base 6) to base 16.
-8e06
-3011 (base 5) to base 10
-381
What is -146 (base 7) in base 4?
-1103
1221312 (base 4) to base 14
267c
What is -1013 (base 5) in base 4?
-2011
1001101010000 (base 2) to base 4
1031100
What is -118 (base 16) in base 4?
-10120
Convert -1155 (base 12) to base 4.
-132101
What is 720 (base 12) in base 15?
48c
Convert 220313 (base 4) to base 8.
5067
What is 2586 (base 12) in base 14?
17b8
-100101101101 (base 2) to base 4
-211231
What is -675 (base 10) in base 15?
-300
Convert 40043 (base 5) to base 7.
10233
Convert -1399 (base 10) to base 8.
-2567
What is 7622 (base 13) in base 6?
204005
What is 34120 (base 5) in base 8?
4552
What is 1076 (base 8) in base 15?
284
7e (base 15) to base 10
119
Convert -2002211 (base 3) to base 4.
-113332
330 (base 7) to base 16
a8
-1021202002 (base 3) to base 14
-9332
16c39 (base 14) to base 16
dfc3
-1143 (base 7) to base 6
-1543
-32310 (base 4) to base 13
-57c
What is -1832 (base 9) in base 11?
-1069
1190 (base 11) to base 4
120033
Convert 14205 (base 6) to base 14.
b5b
What is 1c35 (base 13) in base 11?
3231
Convert 4231 (base 6) to base 16.
3bb
Convert -21202210 (base 3) to base 6.
-42120
Convert -14675 (base 9) to base 8.
-23457
Convert 2001000121 (base 3) to base 13.
15346
What is -20121 (base 5) in base 8?
-2406
1755 (base 14) to base 16
105f
Convert 12112 (base 3) to base 4.
2111
-14512 (base 10) to base 2
-11100010110000
What is -1058 (base 9) in base 2?
-1100001110
Convert 331234 (base 5) to base 10.
11444
What is 3730 (base 8) in base 14?
a36
What is 4da2 (base 14) in base 9?
20664
What is 2677 (base 8) in base 10?
1471
-31a (base 12) to base 7
-1216
Convert -301 (base 12) to base 4.
-12301
-2c42 (base 14) to base 5
-223043
-3b7 (base 15) to base 11
-700
-13865 (base 9) to base 7
-36365
-151 (base 15) to base 6
-1221
What is 101100000 (base 3) in base 11?
5729
What is 100455 (base 6) in base 7?
32123
What is 1651 (base 7) in base 15?
2ed
What is 544 (base 13) in base 10?
901
Convert 18144 (base 9) to base 11.
9447
What is 5412 (base 8) in base 5?
42301
What is 111001001 (base 2) in base 8?
711
What is -20310 (base 4) in base 13?
-345
-132010 (base 4) to base 5
-30144
-6e4 (base 15) to base 10
-1564
What is -1260 (base 7) in base 6?
-2123
36 (base 16) to base 10
54
What is 2024113 (base 5) in base 12?
17149